 4, what is 2020130 + -100110?
1320020
In base 6, what is -2 + -410345142?
-410345144
In base 8, what is -337607 - -62?
-337525
In base 11, what is 1 + -a2483717?
-a2483716
In base 5, what is 2032030 + -104101?
1422424
In base 16, what is a8fdd - -1?
a8fde
In base 10, what is 21341 + -2164?
19177
In base 5, what is -1413 + -22440?
-24403
In base 5, what is 0 + -1312241411?
-1312241411
In base 9, what is 460 + 10370?
10840
In base 14, what is 2a225c - -5?
2a2263
In base 8, what is 3134520 + 4?
3134524
In base 3, what is 221211022022011 - -12?
221211022022100
In base 12, what is 2 + 3607093?
3607095
In base 4, what is 1000223120 + 1230?
1000231010
In base 9, what is 0 + 20440003?
20440003
In base 13, what is 2534 + 165?
2699
In base 4, what is -32212033 - 1113?
-32213212
In base 14, what is 61784 - -67?
6180b
In base 6, what is -2510403150 - -5?
-2510403141
In base 3, what is 122012100220 - -12?
122012101002
In base 7, what is -10366364 + -246?
-10366643
In base 9, what is -3230675 + -14?
-3230700
In base 2, what is 10000 + 10000100001101000011?
10000100001101010011
In base 6, what is 2501 - -13231?
20132
In base 11, what is 44358 - 596?
43872
In base 10, what is -12 + -350574?
-350586
In base 5, what is -10 - -12112142122?
12112142112
In base 16, what is -2ca951c - 0?
-2ca951c
In base 15, what is -4 - b85808e?
-b858093
In base 8, what is 10045135 + 10?
10045145
In base 9, what is -475 + 186174?
185588
In base 16, what is -87 - -1d061?
1cfda
In base 10, what is 184 + -97847?
-97663
In base 16, what is 0 + 1dfe1?
1dfe1
In base 2, what is -10 + 1111000010000000110101010?
1111000010000000110101000
In base 5, what is -4 - 32013312414?
-32013312423
In base 3, what is 2 - 22102201200121?
-22102201200112
In base 8, what is 134 - -502324?
502460
In base 16, what is -8 - -5678d?
56785
In base 6, what is 4432 + 1533244?
1542120
In base 15, what is -c6 + 50c77?
50ba1
In base 11, what is -24818895 + -5?
-2481889a
In base 14, what is -1259c7 + -606?
-1261cd
In base 5, what is 31031 + 33342?
114423
In base 7, what is -51301456 - 54?
-51301543
In base 11, what is -7188590 - -3?
-7188588
In base 11, what is 0 - -4211736?
4211736
In base 5, what is -4442200402 + -2?
-4442200404
In base 14, what is 4 + -217cd78?
-217cd74
In base 7, what is 2 - 24000434?
-24000432
In base 6, what is -10010033320 - -10?
-10010033310
In base 6, what is -1231 - -51052353?
51051122
In base 4, what is 13000131132030 - -11?
13000131132101
In base 2, what is 10101 + 10001001111111100?
10001010000010001
In base 13, what is 11a0b + 3221?
14c2c
In base 2, what is 10001000100000110101010000 - 0?
10001000100000110101010000
In base 13, what is 1c + -5b04?
-5ab5
In base 9, what is 66484 + -123?
66361
In base 5, what is 241 - -334021012?
334021303
In base 9, what is 67 + -321601?
-321523
In base 12, what is 80b073 + -6?
80b069
In base 2, what is 1000000000000011000000 + 1000?
1000000000000011001000
In base 12, what is 1 - -1a2bbb9?
1a2bbba
In base 16, what is 147c5 + -95?
14730
In base 10, what is -362 + -37959?
-38321
In base 4, what is 32021300323 - 2?
32021300321
In base 15, what is abd2 + -3930?
72a2
In base 8, what is 124023056 + 35?
124023113
In base 16, what is -34d + 4ab?
15e
In base 6, what is 1315 + 24330?
30045
In base 15, what is 173dd8d6 - -2?
173dd8d8
In base 9, what is 77542358 - -3?
77542362
In base 7, what is 4360234 - 6?
4360225
In base 14, what is -1baa + -51c25?
-539d1
In base 14, what is -3 + 113b250b?
113b2508
In base 2, what is -10001100011100010010010111 + 10?
-10001100011100010010010101
In base 8, what is -6275250 - -56?
-6275172
In base 12, what is 1b1698163 - 2?
1b1698161
In base 14, what is 1 - 1586b4a?
-1586b49
In base 10, what is 774 - 44464?
-43690
In base 7, what is -363641 - -32?
-363606
In base 8, what is 10 - -2026555?
2026565
In base 16, what is 3 - -2c41602?
2c41605
In base 13, what is 5 - 56cc227?
-56cc222
In base 11, what is 152631 + -336?
1522a6
In base 12, what is 691522 - 2?
691520
In base 6, what is 4133305441 + 13?
4133305454
In base 11, what is 5031029 - -7a?
50310a8
In base 13, what is -c5281737 - -5?
-c5281732
In base 4, what is 1003202 - 12331310?
-11322102
In base 6, what is 4 + -142403552?
-142403544
In base 4, what is -12322 + -323022302?
-323101230
In base 14, what is -ba4 - -68?
-b3a
In base 12, what is 10 - 45115a?
-45114a
In base 8, what is -53461 - 11245?
-64726
In base 10, what is -59001 + 514?
-58487
In base 3, what is 2001120021112 - 1?
2001120021111
In base 8, what is -130 - 117246?
-117376
In base 7, what is -342366 + -112?
-342511
In base 8, what is 127520 - -136?
127656
In base 15, what is 3 - 30ea20?
-30ea1c
In base 7, what is 1600 + -2354?
-454
In base 10, what is 4 - 2404855?
-2404851
In base 14, what is c32c + 9da?
cd28
In base 2, what is -1001110011010001000101 - -1100?
-1001110011010000111001
In base 16, what is -13 - -4bfdf5?
4bfde2
In base 11, what is 2 - 18528019?
-18528017
In base 2, what is 1101101100110101111010001 - -1?
1101101100110101111010010
In base 14, what is -66a308 + -3?
-66a30b
In base 16, what is -25179d0 + -4?
-25179d4
In base 4, what is -1133101212 - -103?
-1133101103
In base 2, what is 100010001101010111101011111 + -1?
100010001101010111101011110
In base 13, what is 9173 - 4b1?
8992
In base 6, what is 51004052 + 4?
51004100
In base 5, what is 4 - 2404340322?
-2404340313
In base 14, what is 1 + d4418b?
d4418c
In base 13, what is c6a464 - 5?
c6a45c
In base 10, what is 35737 + 255?
35992
In base 6, what is 12343310 + 1022?
12344332
In base 2, what is 11111100000011011001110 - -100?
11111100000011011010010
In base 16, what is -22 + 13c62f?
13c60d
In base 3, what is -1021022 - -10222211102?
10221120010
In base 8, what is 2 - -60766673?
60766675
In base 12, what is -3a8478 - 12?
-3a848a
In base 8, what is 360675 + 1741?
362636
In base 12, what is 7 - 45658493?
-45658488
In base 14, what is -371 + 417ba?
41449
In base 16, what is 8c68 - -2a?
8c92
In base 11, what is 39436819 + 1?
3943681a
In base 13, what is -9 + -480b68?
-480b74
In base 16, what is -387 - -50f91?
50c0a
In base 6, what is 31041215 + -15?
31041200
In base 5, what is -302 + -2123200?
-2124002
In base 16, what is -76d2 + -65?
-7737
In base 2, what is 1110101 + -10010110110111?
-10010101000010
In base 14, what is -1874 + 7add?
6269
In base 9, what is -308 + 16623?
16314
In base 4, what is 102 + -103221133312?
-103221133210
In base 14, what is 205b94b - -5?
205b952
In base 15, what is 1a + 5a8c8?
5a8e3
In base 16, what is 5add - -3e?
5b1b
In base 13, what is 3090133 + 10?
3090143
In base 9, what is -140007624 - 0?
-140007624
In base 7, what is -66663031 + 2?
-66663026
In base 8, what is 3 - -523437?
523442
In base 15, what is -671 + -61be7?
-62368
In base 12, what is -4022104 + -21?
-4022125
In base 15, what is -3 - -d4d04?
d4d01
In base 11, what is -16 - -a7673?
a7658
In base 11, what is 2a92 - -8177?
10159
In base 7, what is -130551564 + -25?
-130551622
In base 2, what is -111 + -101100001001011101010001100?
-101100001001011101010010011
In base 3, what is 1010 + -2220200210?
-2220122200
In base 15, what is -9d7144 + -1?
-9d7145
In base 15, what is 386 + 3ce7?
417d
In base 9, what is -303842146 - -4?
-303842142
In base 11, what is 3 - 5933877?
-5933874
In base 15, what is 5 + -4c0b58e?
-4c0b589
In base 2, what is -10100011100010001110110111 - 1?
-10100011100010001110111000
In base 16, what is 7c3450 - 23?
7c342d
In base 4, what is 11 + 1002131202100?
1002131202111
In base 2, what is 101110010010011 + -1000100101110?
100101101100101
In base 10, what is 883601 - 4?
883597
In base 4, what is 0 - 121323220333?
-121323220333
In base 10, what is 142 + -2705639?
-2705497
In base 14, what is a3406b + 39?
a340a6
In base 4, what is -1 + -100302322132?
-100302322133
In base 13, what is aa05c5 + -89?
aa0539
In base 12, what is 319a917 + 48?
319a963
In base 6, what is 33 + -145111552?
-145111515
In base 11, what is 2 + -180088897?
-180088895
In base 3, what is -201022011 + 212211?
-200102100
In base 8, what is -1264241 - 40?
-1264301
In base 11, what is 1235 + 19a652?
1a0887
In base 15, what is e4 - -44778?
4486c
In base 16, what is -a71 - -b4?
-9bd
In base 16, what is 9 - 2aac87a?
-2aac871
In base 12, what is -25 - -1605a0a?
16059a5
In base 2, what is 100 - -